 + 5*a + 1. Let m be w(-1). What is the tens digit of 48 - (-3 + m)/(-1)?
4
Suppose 5*n + 160 = -5*j, 4*n - 103 = 2*j + j. What is the units digit of (20/(-6))/(2/j)?
5
Suppose -17*x = -19*x. Suppose 2*h - 9 - 137 = x. What is the units digit of h?
3
What is the hundreds digit of (1 - 167)/((4 - -6)/(-20))?
3
Suppose -9*c = c - 10. What is the tens digit of 2104/10 - (-4)/(-10)*c?
1
Let q = 25 - 23. Suppose -5*n = i - 1, -3 = n + q. What is the tens digit of i?
2
Suppose w - 2*b = 4, 3*w + b + 2*b = -6. Suppose -12 = 4*z, w = -2*m + 4*z + 5 + 75. What is the units digit of m?
4
Let j(d) = -d**2 - 9*d + 14. What is the units digit of j(-10)?
4
Suppose 149258 = 27*t + 30701. What is the units digit of t?
1
Suppose 22*p = 34*p + 132. Let u(i) = -7*i + 12. Let l(h) = 15*h - 23. Let g(a) = 3*l(a) + 7*u(a). What is the tens digit of g(p)?
5
What is the tens digit of (4 + -11 + 2)*64/(-5)?
6
Let b(x) = 11*x**2 + 3*x - 2. Let a be b(1). Suppose -2*r + a - 6 = 0. Suppose 51 = r*z - 6. What is the tens digit of z?
1
Suppose -5*h - 26 = -3*p + 5, -2*p - 3*h = 11. Suppose -113 = p*z - 281. Suppose -5*b + 3*l + 145 = 0, 4*b - z = -0*l - 4*l. What is the tens digit of b?
2
Let d(w) be the third derivative of w**5/60 + 7*w**4/24 + 31*w**3/6 + 13*w**2. What is the units digit of d(-6)?
5
Suppose -13*o = -15*o. Suppose -5*p + 4*t + 16 = o, 0*p + t + 4 = 2*p. Suppose -m + 23 + 12 = p. What is the units digit of m?
5
Let u(t) = -5*t + 34. Let r be u(6). Suppose 0 = -4*p + 12, 5*p - 100 = -r*c + 339. What is the tens digit of c?
0
Let c = 344 - 443. Suppose -3*i - 433 = -7. Let f = c - i. What is the tens digit of f?
4
Let f(p) = 42*p**2 + 20*p - 88. What is the tens digit of f(4)?
6
Let p(w) = 10*w**2 + 25*w - 137. What is the tens digit of p(14)?
7
Suppose 0 = -0*h - 4*h - 20, 17 = -y - 3*h. Let f(r) be the second derivative of -7*r**3/3 - 5*r**2/2 + 17*r. What is the units digit of f(y)?
3
Let t(r) be the second derivative of r**3/2 - 2*r**2 - 2*r. Let s be t(2). Suppose n - 55 = j, 27 = -s*n - 2*j + 153. What is the tens digit of n?
5
Suppose -102 = -w + 118. Suppose 0*p - 5*m + w = 3*p, 5*m - 60 = -p. What is the tens digit of p?
8
Let h = -19 + 20. What is the tens digit of 79 + ((-1 + 7)/h)/2?
8
Suppose -4*u + 5*s + 1398 - 253 = 0, -1421 = -5*u - 4*s. What is the units digit of u?
5
Let j = 990 + -509. What is the hundreds digit of j?
4
Let i(v) = 142*v + 5268. What is the units digit of i(0)?
8
Suppose 0 = 10*t - 8*t - 10. What is the tens digit of 2/t + 834/15?
5
What is the tens digit of ((-34296)/(-96))/(3/12)?
2
Let m(l) = l**3 + 19*l**2 - l + 24. Let s be m(-19). Suppose 0 = 5*i - f - 65, s = -2*i + 4*i + 3*f. Suppose -2*t + 54 = -i. What is the tens digit of t?
3
Let a(h) = -h**3 + 11*h**2 - 9*h - 5. Let q be a(10). What is the tens digit of -3 - q/((-20)/108)?
2
Let q = 1 - -25. Let v = -2 + 2. Suppose v = -5*r - q + 61. What is the units digit of r?
7
Let r(n) = n + 5. Let m(j) = -j + 1. Let a be m(4). Let t be r(a). Suppose -t*z = -l + 2*z + 3, -4*l = -z - 57. What is the units digit of l?
5
Let z = 164 - -426. What is the tens digit of z?
9
Suppose 0 = r + c - 0*c - 659, 2*c + 2642 = 4*r. Suppose -4*y = -10*y + r. What is the tens digit of y?
1
Let w(z) = -z**3 + z**2 + 7*z + 1. Let v be w(3). Let u(i) = 3*i**2 + 9*i. What is the tens digit of u(v)?
8
Suppose 10*w = -38*w + 36048. What is the tens digit of w?
5
Suppose -25*r + 29*r + 64 = 0. Let a be r/(-72) - 38/9. What is the units digit of a/(20/15) + 15?
2
Let a be (-6)/27 + (-112)/(-18). Let d(p) = 4*p**2 - 3*p - 18. What is the tens digit of d(a)?
0
Suppose 5*h - 659 = -2*v + 250, h = v + 186. What is the tens digit of h/9*9 - -2?
8
Suppose -4*d + 4*x = -2426 - 1058, 3*d - 2615 = 5*x. What is the hundreds digit of d?
8
Let p be (-45)/(-18)*4/(-5)*-2. Suppose -5*t + 104 = 2*a, -a - 15 = -p*t + 63. What is the tens digit of t?
2
Suppose j + 5*m = m + 862, -4*j + 5*m + 3427 = 0. What is the hundreds digit of (-3)/(-2)*(-6 + j/9)?
1
Let m(l) = -31*l + 14*l + 15*l - 13. Let z be m(-10). What is the units digit of 1*(0 + z/1)?
7
Suppose 27363 = 9*o + 2847. What is the thousands digit of o?
2
Let n = 342 + -58. Suppose -5*v + 199 = 3*h - n, 0 = 4*v - 3*h - 381. What is the units digit of v?
6
Suppose -7*m + 31*m - 51048 = 0. What is the units digit of m?
7
Let b(w) = 10*w - 2. Let q be b(1). Suppose q - 3 = f. Suppose a + f = 13. What is the units digit of a?
8
Suppose 3*j - 332 = -2*g, -3*g - 568 = -5*j + g. Let k = j + -95. What is the tens digit of k?
1
Let i = -2 - 4. Let f be (2 - (-14)/(-4))*i. Let k = f + -1. What is the units digit of k?
8
Let w(s) = 2*s**2 - 4*s + 10. Let a(p) = 3*p**2 - 8*p + 3. Let q be a(3). What is the tens digit of w(q)?
5
Let g(l) = l**2 + 2*l + 61. What is the tens digit of g(-15)?
5
Suppose -14*q + 15350 = 3366. What is the hundreds digit of q?
8
Let n(o) = -8*o**2 - 4*o - 3. Let m be n(-2). What is the tens digit of (-188)/(-3)*m/(-18)?
9
Let k = -12 - -20. Suppose -3*n + k = -4. Suppose -3*m - 6*i + 2*i - 2 = 0, 2*i = -n. What is the units digit of m?
2
Let t be (1*-10)/((-240)/117 + 2). Suppose 20*a - t = 15*a. What is the units digit of a?
9
Let q = 1426 + -637. What is the units digit of q?
9
What is the tens digit of 9 + 18/3 + 2 + -5?
1
Let t(u) = -13*u + 13. Let m(s) = -7*s + 6. Let l(w) = -11*m(w) + 6*t(w). Let z be l(12). Let n(a) = -a + 20. What is the tens digit of n(z)?
2
What is the hundreds digit of 2643 + (-7)/(-14)*-20?
6
What is the units digit of (2385/(-20))/((-3)/60)?
5
Suppose 3*g = 3*c - 0 - 12, 4*c = 2*g - 2. Let t(y) = -7*y - 6. What is the tens digit of t(g)?
5
Suppose a - 1073 = 3*v - 6*v, a = -2*v + 715. What is the hundreds digit of v?
3
Suppose -8*r + 598 + 12514 = 0. What is the units digit of r?
9
Let h = 4389 - 1381. What is the units digit of h?
8
Let z = -133 - -133. Suppose 29*m - 26*m - 468 = z. What is the units digit of m?
6
Let i(w) = 29*w - 19. Let c(o) = 2*o**3 - 8*o**2 + 4*o - 14. Let t be c(4). What is the tens digit of i(t)?
3
Suppose 140 + 76 = 3*g. Let z(q) = -q**3 - 8*q**2 - 4*q - 9. Let o be z(-7). Let d = o + g. What is the units digit of d?
2
Suppose 1002 + 1074 = 3*q. What is the units digit of q?
2
Suppose -5*h + 4 = 2*c - h, -4*h + 12 = 0. Let o = c + 3. What is the units digit of (-2 + -31)*(-2 - o)?
3
Let j = -3817 + 7975. What is the tens digit of j?
5
Suppose 0 = -5*y - 4 - 26. Let d be 0*(1 + 9/y). Suppose d = -2*z + 5*z - 114. What is the tens digit of z?
3
Let j(b) = b**3 - 6*b**2 + 5*b + 5. Let f be j(5). Suppose -8*a + 3*a = f. What is the units digit of -3 + 4 + a + 63?
3
Suppose -n - 2*n - 3*c = -228, 0 = c - 3. Suppose -3*w + 31 = 2*a, -3*a + 3 + 6 = -3*w. Suppose x = -2*x + u + n, 2*u = -a. What is the units digit of x?
3
Let w(r) = 8 + r**2 + 0*r**2 - 2*r**2 - 6*r + r. Let v be w(-6). What is the units digit of (-10 - 2)*v/(-4)?
6
Let i(t) = 6*t**2 - 13*t - 5. Let m(p) = 3*p**2 - 6*p - 2. Let x(n) = -6*i(n) + 13*m(n). Let u be x(-3). Let v = u + 6. What is the units digit of v?
7
Let n = -823 + 5335. What is the hundreds digit of n?
5
Let i be 3 - 1 - -26 - -2. Suppose 2*v - 5*y = -36, 0 = -0*v - 2*v + 2*y - i. Let j(f) = f**2 + 12*f + 9. What is the tens digit of j(v)?
2
Let u = -19 - -24. Suppose u*k - 70 = -2*k. What is the units digit of k?
0
Let v(m) = 9*m**3 - 7*m**2 - 26*m + 179. What is the hundreds digit of v(9)?
9
Suppose 0 = 3*q + 4*l + 1424, -936 = 4*q - 2*l + 992. What is the hundreds digit of (32/(-20))/(3*1/q)?
2
Let b = 887 + -556. What is the units digit of b?
1
Suppose 0 = 3*z - 1 - 5. What is the tens digit of 9/z*134/3?
0
Let k(w) be the first derivative of -w + 2 - 2*w - 6*w**2 - 24*w**2. What is the units digit of k(-1)?
7
Let w(s) = -s**2 - 10*s - 11. Let h be (4 + (-60)/9)*3. Let t be w(h). Suppose -13 = 4*y - t*y. What is the tens digit of y?
1
Let d = 85 - 37. Suppose g = 4*f, 2*g = -3*g + 4*f + 16. Suppose -g*n + d = -n. What is the units digit of n?
6
Suppose 2*d = 22*d - 13820. What is the units digit of d?
1
Let t(q) be the third derivative of -q**6/120 - q**5/60 - q**4/24 - 2*q**3/3 + 28*q**2. What is the units digit of t(-5)?
1
Let b(w) = 49*w**2 + 4*w + 34. What is the tens digit of b(-10)?
9
Suppose -2*p + 5591 = -29*m + 28*m, 0 = 5*p - 2*m - 13979. What is 